01101101
22d (base 14) to base 12
301
Convert -1067 (base 16) to base 11.
-3178
Convert -341 (base 10) to base 7.
-665
Convert 716 (base 11) to base 10.
864
What is 5203 (base 6) in base 12?
803
What is -10011 (base 3) in base 4?
-1111
What is 122231 (base 4) in base 12?
ba5
8226 (base 11) to base 12
639a
12114 (base 5) to base 9
1220
What is -2032033 (base 5) in base 15?
-9d63
-1100010111111 (base 2) to base 4
-1202333
Convert -17617 (base 12) to base 7.
-200203
What is -5536 (base 8) in base 5?
-43120
Convert -218 (base 15) to base 16.
-1d9
Convert 5548 (base 15) to base 2.
100011010010100
Convert 1c5e (base 16) to base 7.
30113
-28743 (base 11) to base 4
-21331320
Convert -32305 (base 6) to base 16.
-1151
-10012001 (base 3) to base 5
-33243
Convert 1100000101 (base 2) to base 9.
1048
Convert 584 (base 14) to base 10.
1096
What is 11020020 (base 3) in base 2?
110000001100
-2121201 (base 3) to base 10
-1909
110000011000000 (base 2) to base 12
12400
-10483 (base 9) to base 4
-1230300
What is -3a27 (base 11) in base 10?
-5232
-1ca0 (base 13) to base 12
-262b
-455 (base 6) to base 12
-12b
4272 (base 10) to base 8
10260
What is -2102 (base 15) in base 10?
-6977
-301 (base 13) to base 4
-13330
What is 4043 (base 5) in base 15?
24d
1211 (base 9) to base 10
901
Convert a78 (base 15) to base 16.
93b
2022012 (base 3) to base 13
9c2
-7050 (base 11) to base 7
-36216
-51 (base 10) to base 7
-102
Convert -2196 (base 10) to base 4.
-202110
What is 1240 (base 9) in base 4?
32133
Convert -2201332 (base 4) to base 9.
-15187
What is 1011111101 (base 3) in base 2?
101100110110000
108 (base 12) to base 2
10011000
-452 (base 12) to base 6
-2542
What is -2454 (base 6) in base 3?
-211121
-2155 (base 6) to base 7
-1316
-228 (base 9) to base 3
-20222
Convert -160 (base 11) to base 7.
-355
-1242310 (base 5) to base 12
-12369
Convert -6bc (base 16) to base 13.
-a28
What is -110101 (base 4) in base 15?
-5b7
What is -11033 (base 4) in base 15?
-175
Convert 631 (base 12) to base 2.
1110000101
Convert -235101 (base 6) to base 11.
-14499
Convert -98 (base 15) to base 3.
-12022
What is 2014 (base 14) in base 16?
1582
-16036 (base 7) to base 11
-3409
What is -5051 (base 6) in base 13?
-676
887 (base 13) to base 7
4160
Convert 11100 (base 4) to base 2.
101010000
What is -3154 (base 6) in base 4?
-23032
What is -1386 (base 14) in base 3?
-11201210
9480 (base 12) to base 10
16224
Convert -22130 (base 4) to base 3.
-220202
What is -120 (base 14) in base 6?
-1012
Convert -239 (base 12) to base 2.
-101001101
221220112 (base 3) to base 16
49c7
What is 103310 (base 4) in base 7?
3461
What is -972 (base 15) in base 10?
-2132
10110110011011 (base 2) to base 7
46016
Convert -1014133 (base 5) to base 2.
-100000110011001
Convert -2540 (base 15) to base 11.
-5a64
What is 13411 (base 7) in base 10?
3634
What is -565 (base 7) in base 11?
-246
-12022221 (base 3) to base 6
-25554
Convert 31a (base 11) to base 16.
180
Convert -10556 (base 8) to base 11.
-3397
Convert 111010110 (base 2) to base 16.
1d6
-816 (base 10) to base 8
-1460
What is 101000011000 (base 2) in base 6?
15544
Convert 39 (base 15) to base 14.
3c
What is -103357 (base 8) in base 11?
-23a53
What is 76f6 (base 16) in base 11?
20976
1539 (base 16) to base 9
7406
-b836 (base 12) to base 7
-112620
Convert 1c16 (base 14) to base 12.
2b64
10210202 (base 3) to base 6
20502
Convert -7b (base 16) to base 6.
-323
What is 9c5 (base 16) in base 13?
11a5
Convert 39da (base 15) to base 7.
51010
Convert -2941 (base 12) to base 6.
-34121
What is -317a (base 14) in base 13?
-3b68
What is 668 (base 9) in base 14?
2b2
Convert -4301 (base 10) to base 6.
-31525
What is -388 (base 13) in base 4?
-21223
Convert -8067 (base 10) to base 16.
-1f83
Convert 412 (base 6) to base 8.
230
1555 (base 7) to base 12
444
What is -4223 (base 6) in base 4?
-32313
Convert -43116 (base 7) to base 14.
-3c7d
-9a38 (base 14) to base 6
-323350
Convert -4055 (base 7) to base 5.
-21122
Convert -20245 (base 10) to base 16.
-4f15
-cd0 (base 16) to base 10
-3280
What is 19416 (base 10) in base 14?
710c
Convert 115112 (base 6) to base 8.
23724
Convert 6c2 (base 15) to base 2.
10111111100
Convert 159 (base 10) to base 13.
c3
Convert -1288a (base 12) to base 11.
-18137
1210 (base 6) to base 16
126
Convert 24851 (base 9) to base 16.
415c
a3b8 (base 13) to base 10
22628
Convert 2b0 (base 13) to base 8.
741
-220111 (base 3) to base 7
-1633
What is 147 (base 9) in base 3?
11121
Convert 15732 (base 15) to base 11.
47a29
What is 110210 (base 4) in base 12?
918
What is 1111220 (base 3) in base 6?
5040
What is 1311 (base 5) in base 14?
10a
What is -1110 (base 5) in base 12?
-10b
What is -164 (base 12) in base 6?
-1004
What is -201044 (base 5) in base 8?
-14377
What is 10055 (base 7) in base 3?
10100102
2114 (base 8) to base 15
4d5
What is 12142 (base 5) in base 9?
1234
-222b (base 14) to base 2
-1011100011111
What is -510123 (base 6) in base 9?
-61156
Convert 282 (base 10) to base 3.
101110
What is 303010 (base 4) in base 8?
6304
Convert 2035 (base 6) to base 10.
455
101551 (base 6) to base 8
20013
-1120220120 (base 3) to base 7
-160125
-106563 (base 7) to base 8
-45323
Convert -2051 (base 7) to base 14.
-398
Convert 946 (base 14) to base 10.
1826
Convert -347 (base 10) to base 14.
-1ab
Convert 542 (base 14) to base 9.
1373
-11322312 (base 4) to base 10
-24246
What is -3e (base 15) in base 16?
-3b
Convert -602 (base 7) to base 5.
-2141
372 (base 16) to base 3
1012200
Convert 1201212 (base 3) to base 13.
764
Convert -2010100 (base 3) to base 9.
-2110
Convert 122503 (base 7) to base 8.
54017
Convert 101111101000110 (base 2) to base 5.
1240030
a1b (base 15) to base 16
8e4
-101110110 (base 2) to base 7
-1043
Convert -3438 (base 10) to base 16.
-d6e
Convert -23312303 (base 4) to base 6.
-1012455
3350 (base 6) to base 16
312
What is 1322302 (base 4) in base 6?
100214
Convert -431232 (base 5) to base 15.
-44b2
-220221022 (base 3) to base 9
-26838
46c (base 16) to base 15
507
-6163 (base 11) to base 15
-2651
Convert 20220 (base 3) to base 8.
272
What is 1a21 (base 13) in base 10?
3914
-7a31 (base 13) to base 4
-10023111
Convert -1011000111101 (base 2) to base 3.
-21210212
Convert -10220 (base 3) to base 15.
-70
10134 (base 5) to base 3
220210
-2d9 (base 16) to base 14
-3a1
What is be (base 16) in base 10?
190
Convert -1158 (base 16) to base 14.
-1892
Convert 3400 (base 7) to base 16.
4c9
What is -21a (base 15) in base 6?
-2111
Convert -1151111 (base 6) to base 4.
-32323303
Convert 15520 (base 7) to base 11.
3318
What is -814 (base 11) in base 2?
-1111010111
What is 66a9 (base 11) in base 10?
8831
-146 (base 8) to base 11
-93
What is 18534 (base 11) in base 3?
1022120102
Convert 211024 (base 6) to base 10.
17080
What is 201223 (base 4) in base 14?
add
What is 67 (base 9) in base 14?
45
-362 (base 8) to base 12
-182
4723 (base 9) to base 16
db0
-232 (base 5) to base 11
-61
Convert 101011000010 (base 2) to base 10.
2754
What is -3b9 (base 12) in base 14?
-2cd
1100010111101111 (base 2) to base 15
10031
Convert -23121 (base 4) to base 8.
-1331
Convert 112b1 (base 15) to base 12.
27734
Convert 3f1 (base 16) to base 5.
13014
Convert -2996b (base 12) to base 3.
-2222010002
What is 3427 (base 11) in base 14?
18dc
Convert 1011011110 (base 2) to base 16.
2de
253342 (base 7) to base 12
23121
Convert -220202110 (base 3) to base 7.
-103422
What is bd9 (base 14) in base 2?
100100101011
-2074 (base 13) to base 5
-120424
-18940 (base 10) to base 9
-27874
Convert -25054 (base 9) to base 11.
-116a8
-51331 (base 7) to base 3
-122011121
Convert -6a8 (base 12) to base 2.
-1111100000
-25 (base 15) to base 2
-100011
7296 (base 12) to base 15
3a83
Convert -2309 (base 16) to base 3.
-110022012
What is -16618 (base 13) in base 9?
-64611
What is 384 (base 10) in base 9?
466
Convert -1002120200 (base 3) to base 7.
-116604
-113445 (base 6) to base 7
-40562
What is 241635 (base 7) in base 8?
125551
Convert -300412 (base 6) to base 5.
-1222410
-1 (base 16) to base 13
-1
What is 3957 (base 11) in base 10?
5144
What is -211112 (base 3) in base 12?
-428
What is -1033114 (base 5) in base 11?
-12501
4141 (base 7) to base 3
1222201
Convert -41144 (base 5) to base 13.
-12a9
Convert -4450 (base 6) to base 15.
-493
Convert -2344 (